

{"id":579,"date":"2020-03-27T00:02:06","date_gmt":"2020-03-26T21:02:06","guid":{"rendered":"http:\/\/labs-ifq.unifei.edu.br\/?page_id=579"},"modified":"2023-08-18T01:03:33","modified_gmt":"2023-08-17T22:03:33","slug":"experimentos-de-eletricidade-e-magnetismo","status":"publish","type":"page","link":"http:\/\/labs-ifq.unifei.edu.br\/?page_id=579","title":{"rendered":"Experimentos de Eletricidade  e Magnetismo"},"content":{"rendered":"\n<figure class=\"wp-block-gallery has-nested-images columns-default is-cropped wp-block-gallery-1 is-layout-flex wp-block-gallery-is-layout-flex\">\n<figure class=\"wp-block-image\"><img loading=\"lazy\" decoding=\"async\" width=\"1024\" height=\"768\" data-id=\"366\" src=\"https:\/\/labs-ifq.unifei.edu.br\/wp-content\/uploads\/2020\/03\/DSCN0090-1024x768.jpg\" alt=\"\" class=\"wp-image-366\" srcset=\"http:\/\/labs-ifq.unifei.edu.br\/wp-content\/uploads\/2020\/03\/DSCN0090-1024x768.jpg 1024w, http:\/\/labs-ifq.unifei.edu.br\/wp-content\/uploads\/2020\/03\/DSCN0090-300x225.jpg 300w, http:\/\/labs-ifq.unifei.edu.br\/wp-content\/uploads\/2020\/03\/DSCN0090-768x576.jpg 768w, http:\/\/labs-ifq.unifei.edu.br\/wp-content\/uploads\/2020\/03\/DSCN0090.jpg 2048w\" sizes=\"(max-width: 767px) 89vw, (max-width: 1000px) 54vw, (max-width: 1071px) 543px, 580px\" \/><\/figure>\n\n\n\n<figure class=\"wp-block-image\"><img loading=\"lazy\" decoding=\"async\" width=\"1024\" height=\"768\" data-id=\"365\" src=\"https:\/\/labs-ifq.unifei.edu.br\/wp-content\/uploads\/2020\/03\/DSCN0089-1024x768.jpg\" alt=\"\" class=\"wp-image-365\" srcset=\"http:\/\/labs-ifq.unifei.edu.br\/wp-content\/uploads\/2020\/03\/DSCN0089-1024x768.jpg 1024w, http:\/\/labs-ifq.unifei.edu.br\/wp-content\/uploads\/2020\/03\/DSCN0089-300x225.jpg 300w, http:\/\/labs-ifq.unifei.edu.br\/wp-content\/uploads\/2020\/03\/DSCN0089-768x576.jpg 768w, http:\/\/labs-ifq.unifei.edu.br\/wp-content\/uploads\/2020\/03\/DSCN0089.jpg 2048w\" sizes=\"(max-width: 767px) 89vw, (max-width: 1000px) 54vw, (max-width: 1071px) 543px, 580px\" \/><\/figure>\n\n\n\n<figure class=\"wp-block-image\"><img loading=\"lazy\" decoding=\"async\" width=\"1024\" height=\"768\" data-id=\"367\" src=\"https:\/\/labs-ifq.unifei.edu.br\/wp-content\/uploads\/2020\/03\/DSCN5950-1024x768.jpg\" alt=\"\" class=\"wp-image-367\" srcset=\"http:\/\/labs-ifq.unifei.edu.br\/wp-content\/uploads\/2020\/03\/DSCN5950-1024x768.jpg 1024w, http:\/\/labs-ifq.unifei.edu.br\/wp-content\/uploads\/2020\/03\/DSCN5950-300x225.jpg 300w, http:\/\/labs-ifq.unifei.edu.br\/wp-content\/uploads\/2020\/03\/DSCN5950-768x576.jpg 768w, http:\/\/labs-ifq.unifei.edu.br\/wp-content\/uploads\/2020\/03\/DSCN5950.jpg 2048w\" sizes=\"(max-width: 767px) 89vw, (max-width: 1000px) 54vw, (max-width: 1071px) 543px, 580px\" \/><\/figure>\n\n\n\n<figure class=\"wp-block-image\"><img loading=\"lazy\" decoding=\"async\" width=\"1024\" height=\"768\" data-id=\"327\" src=\"https:\/\/labs-ifq.unifei.edu.br\/wp-content\/uploads\/2020\/03\/DSCN5513-1024x768.jpg\" alt=\"\" class=\"wp-image-327\" srcset=\"http:\/\/labs-ifq.unifei.edu.br\/wp-content\/uploads\/2020\/03\/DSCN5513-1024x768.jpg 1024w, http:\/\/labs-ifq.unifei.edu.br\/wp-content\/uploads\/2020\/03\/DSCN5513-300x225.jpg 300w, http:\/\/labs-ifq.unifei.edu.br\/wp-content\/uploads\/2020\/03\/DSCN5513-768x576.jpg 768w, http:\/\/labs-ifq.unifei.edu.br\/wp-content\/uploads\/2020\/03\/DSCN5513.jpg 2048w\" sizes=\"(max-width: 767px) 89vw, (max-width: 1000px) 54vw, (max-width: 1071px) 543px, 580px\" \/><\/figure>\n\n\n\n<figure class=\"wp-block-image\"><img loading=\"lazy\" decoding=\"async\" width=\"768\" height=\"1024\" data-id=\"312\" src=\"https:\/\/labs-ifq.unifei.edu.br\/wp-content\/uploads\/2020\/03\/DSCN0023-768x1024.jpg\" alt=\"\" class=\"wp-image-312\" srcset=\"http:\/\/labs-ifq.unifei.edu.br\/wp-content\/uploads\/2020\/03\/DSCN0023-768x1024.jpg 768w, http:\/\/labs-ifq.unifei.edu.br\/wp-content\/uploads\/2020\/03\/DSCN0023-225x300.jpg 225w, http:\/\/labs-ifq.unifei.edu.br\/wp-content\/uploads\/2020\/03\/DSCN0023.jpg 1536w\" sizes=\"(max-width: 767px) 89vw, (max-width: 1000px) 54vw, (max-width: 1071px) 543px, 580px\" \/><\/figure>\n<\/figure>\n\n\n\n<p> <a href=\"https:\/\/owncloud.unifei.edu.br\/index.php\/s\/7zyV9m7tFjZIKnY\">Campo e potencial eletrost\u00e1ticos<\/a>:  Determinar as linhas equipotenciais para algumas distribui\u00e7\u00f5es de cargas, relacionando-as com as linhas de for\u00e7as (ou linhas de campo el\u00e9trico). <\/p>\n\n\n\n<p> <a href=\"https:\/\/owncloud.unifei.edu.br\/index.php\/s\/YV6Y4Xj70vagy3X\" target=\"_blank\" rel=\"noreferrer noopener\">Condutores e Densidade superficial de carga<\/a>:   . Mapear o potencial eletrost\u00e1tico de um sistema contendo condutores retil\u00edneos paralelos e, entre eles, um anel met\u00e1lico isolado.<\/p>\n\n\n\n<p><a href=\"https:\/\/owncloud.unifei.edu.br\/index.php\/s\/v3XuCkMU4pLpEFE\">Capacit\u00e2ncia e capacitores<\/a>:   Fazer medidas de carga e descarga de um capacitor  e determinar a capacit\u00e2ncia. <\/p>\n\n\n\n<p><a href=\"https:\/\/owncloud.unifei.edu.br\/index.php\/s\/kWgIa6T8EZIbVQm\"> Fen\u00f4menos magn\u00e9ticos e corrente el\u00e9trica<\/a>: Descrever campos magn\u00e9ticos produzidos por  \u00edm\u00e3s e correntes el\u00e9tricas. <\/p>\n\n\n\n<p><a href=\"https:\/\/owncloud.unifei.edu.br\/index.php\/s\/w2edAUg4sUpu5dA\">Indu\u00e7\u00e3o Eletromagn\u00e9tica<\/a> :   Verificar   o   efeito   de   indu\u00e7\u00e3o   eletromagn\u00e9tica (indu\u00e7\u00e3o de for\u00e7a eletromotriz induzida,  f.e.m)  pela  varia\u00e7\u00e3o  de  fluxo magn\u00e9tico. <\/p>\n\n\n\n<p><a href=\"https:\/\/owncloud.unifei.edu.br\/index.php\/s\/pzv3CtqnsjpYfmx\">Link para acesso aos roteiros de laborat\u00f3rios e outras atividades.  <\/a><\/p>\n\n\n\n<p><\/p>\n","protected":false},"excerpt":{"rendered":"<p>Campo e potencial eletrost\u00e1ticos: Determinar as linhas equipotenciais para algumas distribui\u00e7\u00f5es de cargas, relacionando-as com as linhas de for\u00e7as (ou linhas de campo el\u00e9trico). Condutores e Densidade superficial de carga: . Mapear o potencial eletrost\u00e1tico de um sistema contendo condutores retil\u00edneos paralelos e, entre eles, um anel met\u00e1lico isolado. Capacit\u00e2ncia e capacitores: Fazer medidas de &hellip; <\/p>\n<p class=\"link-more\"><a href=\"http:\/\/labs-ifq.unifei.edu.br\/?page_id=579\" class=\"more-link\">Continue lendo<span class=\"screen-reader-text\"> &#8220;Experimentos de Eletricidade  e Magnetismo&#8221;<\/span><\/a><\/p>\n","protected":false},"author":1,"featured_media":0,"parent":0,"menu_order":0,"comment_status":"closed","ping_status":"closed","template":"","meta":{"footnotes":""},"class_list":["post-579","page","type-page","status-publish","hentry"],"_links":{"self":[{"href":"http:\/\/labs-ifq.unifei.edu.br\/index.php?rest_route=\/wp\/v2\/pages\/579"}],"collection":[{"href":"http:\/\/labs-ifq.unifei.edu.br\/index.php?rest_route=\/wp\/v2\/pages"}],"about":[{"href":"http:\/\/labs-ifq.unifei.edu.br\/index.php?rest_route=\/wp\/v2\/types\/page"}],"author":[{"embeddable":true,"href":"http:\/\/labs-ifq.unifei.edu.br\/index.php?rest_route=\/wp\/v2\/users\/1"}],"replies":[{"embeddable":true,"href":"http:\/\/labs-ifq.unifei.edu.br\/index.php?rest_route=%2Fwp%2Fv2%2Fcomments&post=579"}],"version-history":[{"count":5,"href":"http:\/\/labs-ifq.unifei.edu.br\/index.php?rest_route=\/wp\/v2\/pages\/579\/revisions"}],"predecessor-version":[{"id":1819,"href":"http:\/\/labs-ifq.unifei.edu.br\/index.php?rest_route=\/wp\/v2\/pages\/579\/revisions\/1819"}],"wp:attachment":[{"href":"http:\/\/labs-ifq.unifei.edu.br\/index.php?rest_route=%2Fwp%2Fv2%2Fmedia&parent=579"}],"curies":[{"name":"wp","href":"https:\/\/api.w.org\/{rel}","templated":true}]}}