

{"id":1378,"date":"2020-09-11T16:06:28","date_gmt":"2020-09-11T13:06:28","guid":{"rendered":"http:\/\/labs-ifq.unifei.edu.br\/?page_id=1378"},"modified":"2020-11-04T15:36:54","modified_gmt":"2020-11-04T12:36:54","slug":"extensao","status":"publish","type":"page","link":"http:\/\/labs-ifq.unifei.edu.br\/?page_id=1378","title":{"rendered":"Extens\u00e3o"},"content":{"rendered":"\n<figure class=\"wp-block-table is-style-stripes\"><table><tbody><tr><td class=\"has-text-align-center\" data-align=\"center\"><strong>Identifica\u00e7\u00e3o<\/strong><\/td><td><strong>Laborat\u00f3rio<\/strong><\/td><\/tr><tr><td class=\"has-text-align-center\" data-align=\"center\">C3101<\/td><td><a href=\"https:\/\/labs-ifq.unifei.edu.br\/wp-admin\/post.php?post=697&amp;action=edit\" target=\"_blank\" rel=\"noreferrer noopener\">Espa\u00e7o InterCi\u00eancias<\/a><\/td><\/tr><tr><td class=\"has-text-align-center\" data-align=\"center\">C2125<\/td><td><a href=\"https:\/\/labs-ifq.unifei.edu.br\/?p=825\">Laborat\u00f3rio de Instrumenta\u00e7\u00e3o para o Ensino de F\u00edsica<\/a><\/td><\/tr><tr><td class=\"has-text-align-center\" data-align=\"center\">C2111<\/td><td><a href=\"https:\/\/labs-ifq.unifei.edu.br\/?p=825\">Laborat\u00f3rio de Reologia \u201cDr. Hans Martin Laun\u201d<\/a><\/td><\/tr><tr><td class=\"has-text-align-center\" data-align=\"center\">J2102<\/td><td>Laborat\u00f3rio de An\u00e1lise T\u00e9rmica<\/td><\/tr><tr><td class=\"has-text-align-center\" data-align=\"center\">J2207<\/td><td>Laborat\u00f3rio de Cultura de C\u00e9lulas e Testes de Citotoxicidade Associada a Materiais e F\u00e1rmacos<\/td><\/tr><tr><td class=\"has-text-align-center\" data-align=\"center\">J2107<\/td><td>Laborat\u00f3rio de Teste Microbiol\u00f3gicos Associado a Materiais e F\u00e1rmacos<\/td><\/tr><tr><td class=\"has-text-align-center\" data-align=\"center\">J2101<\/td><td><a href=\"https:\/\/labs-ifq.unifei.edu.br\/?p=1251\" target=\"_blank\" rel=\"noreferrer noopener\">Laborat\u00f3rio de Caracteriza\u00e7\u00e3o Eletro-\u00f3ptica<\/a><\/td><\/tr><tr><td class=\"has-text-align-center\" data-align=\"center\">C2217<\/td><td>Laborat\u00f3rio de Pesquisa em Educa\u00e7\u00e3o Qu\u00edmica de Itajub\u00e1 LPEQ<\/td><\/tr><tr><td class=\"has-text-align-center\" data-align=\"center\">J2301<\/td><td>Laborat\u00f3rios de Qu\u00edmica Computacional<\/td><\/tr><tr><td class=\"has-text-align-center\" data-align=\"center\">C2201<\/td><td>Laborat\u00f3rio Did\u00e1tico de Ensino de Qu\u00edmica<\/td><\/tr><tr><td class=\"has-text-align-center\" data-align=\"center\">C2216<\/td><td>Laborat\u00f3rio de Pesquisa em Ensino de F\u00edsica LPEF<\/td><\/tr><tr><td class=\"has-text-align-center\" data-align=\"center\">C2102<\/td><td>LabSIAA \u2013 Laborat\u00f3rio de S\u00edntese Inorg\u00e2nica e Anal\u00edtica Ambiental<\/td><\/tr><tr><td class=\"has-text-align-center\" data-align=\"center\">C2223<\/td><td>Laborat\u00f3rio Did\u00e1tico de Ensino de F\u00edsica<\/td><\/tr><tr><td class=\"has-text-align-center\" data-align=\"center\"><em>SISTERIC<\/em><\/td><td><a href=\"https:\/\/labs-ifq.unifei.edu.br\/?p=1480\"> Laborat\u00f3rio de Hialotecnia<\/a><\/td><\/tr><\/tbody><\/table><\/figure>\n\n\n\n<p><\/p>\n","protected":false},"excerpt":{"rendered":"<p>Identifica\u00e7\u00e3o Laborat\u00f3rio C3101 Espa\u00e7o InterCi\u00eancias C2125 Laborat\u00f3rio de Instrumenta\u00e7\u00e3o para o Ensino de F\u00edsica C2111 Laborat\u00f3rio de Reologia \u201cDr. Hans Martin Laun\u201d J2102 Laborat\u00f3rio de An\u00e1lise T\u00e9rmica J2207 Laborat\u00f3rio de Cultura de C\u00e9lulas e Testes de Citotoxicidade Associada a Materiais e F\u00e1rmacos J2107 Laborat\u00f3rio de Teste Microbiol\u00f3gicos Associado a Materiais e F\u00e1rmacos J2101 Laborat\u00f3rio de &hellip; <\/p>\n<p class=\"link-more\"><a href=\"http:\/\/labs-ifq.unifei.edu.br\/?page_id=1378\" class=\"more-link\">Continue lendo<span class=\"screen-reader-text\"> &#8220;Extens\u00e3o&#8221;<\/span><\/a><\/p>\n","protected":false},"author":1,"featured_media":0,"parent":0,"menu_order":0,"comment_status":"closed","ping_status":"closed","template":"","meta":{"footnotes":""},"class_list":["post-1378","page","type-page","status-publish","hentry"],"_links":{"self":[{"href":"http:\/\/labs-ifq.unifei.edu.br\/index.php?rest_route=\/wp\/v2\/pages\/1378"}],"collection":[{"href":"http:\/\/labs-ifq.unifei.edu.br\/index.php?rest_route=\/wp\/v2\/pages"}],"about":[{"href":"http:\/\/labs-ifq.unifei.edu.br\/index.php?rest_route=\/wp\/v2\/types\/page"}],"author":[{"embeddable":true,"href":"http:\/\/labs-ifq.unifei.edu.br\/index.php?rest_route=\/wp\/v2\/users\/1"}],"replies":[{"embeddable":true,"href":"http:\/\/labs-ifq.unifei.edu.br\/index.php?rest_route=%2Fwp%2Fv2%2Fcomments&post=1378"}],"version-history":[{"count":7,"href":"http:\/\/labs-ifq.unifei.edu.br\/index.php?rest_route=\/wp\/v2\/pages\/1378\/revisions"}],"predecessor-version":[{"id":1487,"href":"http:\/\/labs-ifq.unifei.edu.br\/index.php?rest_route=\/wp\/v2\/pages\/1378\/revisions\/1487"}],"wp:attachment":[{"href":"http:\/\/labs-ifq.unifei.edu.br\/index.php?rest_route=%2Fwp%2Fv2%2Fmedia&parent=1378"}],"curies":[{"name":"wp","href":"https:\/\/api.w.org\/{rel}","templated":true}]}}