

{"id":1376,"date":"2020-09-11T16:06:28","date_gmt":"2020-09-11T13:06:28","guid":{"rendered":"http:\/\/labs-ifq.unifei.edu.br\/?page_id=1376"},"modified":"2021-04-30T17:26:55","modified_gmt":"2021-04-30T14:26:55","slug":"ensino","status":"publish","type":"page","link":"http:\/\/labs-ifq.unifei.edu.br\/?page_id=1376","title":{"rendered":"Ensino"},"content":{"rendered":"\n<p>Lista  de laborat\u00f3rios utilizados para ensino.<\/p>\n\n\n\n<figure class=\"wp-block-table is-style-stripes\"><table><tbody><tr><td class=\"has-text-align-center\" data-align=\"center\"><strong>Identifica\u00e7\u00e3o<\/strong><\/td><td class=\"has-text-align-left\" data-align=\"left\"><strong>Laborat\u00f3rio<\/strong><\/td><\/tr><tr><td class=\"has-text-align-center\" data-align=\"center\">C3101<\/td><td class=\"has-text-align-left\" data-align=\"left\"><a href=\"https:\/\/labs-ifq.unifei.edu.br\/?p=697\" data-type=\"URL\" data-id=\"https:\/\/labs-ifq.unifei.edu.br\/?p=697\" target=\"_blank\" rel=\"noreferrer noopener\">Espa\u00e7o InterCi\u00eancias<\/a><\/td><\/tr><tr><td class=\"has-text-align-center\" data-align=\"center\">C2125<\/td><td class=\"has-text-align-left\" data-align=\"left\"><a href=\"https:\/\/labs-ifq.unifei.edu.br\/?p=1032\">Laborat\u00f3rio de Instrumenta\u00e7\u00e3o para o Ensino de F\u00edsica<\/a><\/td><\/tr><tr><td class=\"has-text-align-center\" data-align=\"center\">C2208<\/td><td class=\"has-text-align-left\" data-align=\"left\"><a href=\"https:\/\/labs-ifq.unifei.edu.br\/?p=823\" data-type=\"URL\" data-id=\"https:\/\/labs-ifq.unifei.edu.br\/?p=823\">Laborat\u00f3rio de F\u00edsica Computacional LFC<\/a><\/td><\/tr><tr><td class=\"has-text-align-center\" data-align=\"center\">C2127<\/td><td class=\"has-text-align-left\" data-align=\"left\"><a href=\"https:\/\/labs-ifq.unifei.edu.br\/?p=823\" target=\"_blank\" rel=\"noreferrer noopener\">Laborat\u00f3rio Did\u00e1tico Computacional<\/a><\/td><\/tr><tr><td class=\"has-text-align-center\" data-align=\"center\">C2111<\/td><td class=\"has-text-align-left\" data-align=\"left\"><a href=\"https:\/\/labs-ifq.unifei.edu.br\/?p=825\">Laborat\u00f3rio de Reologia \u201cDr. Hans Martin Laun\u201d<\/a><\/td><\/tr><tr><td class=\"has-text-align-center\" data-align=\"center\">J2102<\/td><td class=\"has-text-align-left\" data-align=\"left\">Laborat\u00f3rio de An\u00e1lise T\u00e9rmica<\/td><\/tr><tr><td class=\"has-text-align-center\" data-align=\"center\">J2101<\/td><td class=\"has-text-align-left\" data-align=\"left\">Laborat\u00f3rio de Caracteriza\u00e7\u00e3o Eletro-\u00f3ptica<\/td><\/tr><tr><td class=\"has-text-align-center\" data-align=\"center\">E4101<\/td><td class=\"has-text-align-left\" data-align=\"left\"><a href=\"https:\/\/labs-ifq.unifei.edu.br\/?p=1140\" target=\"_blank\" rel=\"noreferrer noopener\">Laborat\u00f3rio de Qu\u00edmica Geral LQG<\/a><\/td><\/tr><tr><td class=\"has-text-align-center\" data-align=\"center\">E4105<\/td><td class=\"has-text-align-left\" data-align=\"left\">Laborat\u00f3rio de Qu\u00edmica Inorg\u00e2nica<\/td><\/tr><tr><td class=\"has-text-align-center\" data-align=\"center\">J2301<\/td><td class=\"has-text-align-left\" data-align=\"left\">Laborat\u00f3rios de Qu\u00edmica Computacional<\/td><\/tr><tr><td class=\"has-text-align-center\" data-align=\"center\">C2201<\/td><td class=\"has-text-align-left\" data-align=\"left\">Laborat\u00f3rio Did\u00e1tico de Ensino de Qu\u00edmica<\/td><\/tr><tr><td class=\"has-text-align-center\" data-align=\"center\">C2216<\/td><td class=\"has-text-align-left\" data-align=\"left\">Laborat\u00f3rio de Pesquisa em Ensino de F\u00edsica LPEF<\/td><\/tr><tr><td class=\"has-text-align-center\" data-align=\"center\">E4102<\/td><td class=\"has-text-align-left\" data-align=\"left\">Laborat\u00f3rio de Qu\u00edmica Anal\u00edtica<\/td><\/tr><tr><td class=\"has-text-align-center\" data-align=\"center\">E4112<\/td><td class=\"has-text-align-left\" data-align=\"left\">Laborat\u00f3rio de F\u00edsico-Qu\u00edmica<\/td><\/tr><tr><td class=\"has-text-align-center\" data-align=\"center\">E4106<\/td><td class=\"has-text-align-left\" data-align=\"left\">Laborat\u00f3rio de Qu\u00edmica Org\u00e2nica<\/td><\/tr><tr><td class=\"has-text-align-center\" data-align=\"center\">C2212<\/td><td class=\"has-text-align-left\" data-align=\"left\">Laboratorio de Metodologias Ativas LMA<\/td><\/tr><tr><td class=\"has-text-align-center\" data-align=\"center\">C2114<\/td><td class=\"has-text-align-left\" data-align=\"left\">LDF1 \u2013 Laborat\u00f3rio Did\u00e1tico de F\u00edsica<\/td><\/tr><tr><td class=\"has-text-align-center\" data-align=\"center\">C1139<\/td><td class=\"has-text-align-left\" data-align=\"left\">LDF2 \u2013 Laborat\u00f3rio Did\u00e1tico de F\u00edsica<\/td><\/tr><tr><td class=\"has-text-align-center\" data-align=\"center\">C2112<\/td><td class=\"has-text-align-left\" data-align=\"left\">LDF3 \u2013 Laborat\u00f3rio Did\u00e1tico de F\u00edsica<\/td><\/tr><tr><td class=\"has-text-align-center\" data-align=\"center\">C2126<\/td><td class=\"has-text-align-left\" data-align=\"left\">LDF4 \u2013 Laborat\u00f3rio Did\u00e1tico de F\u00edsica<\/td><\/tr><tr><td class=\"has-text-align-center\" data-align=\"center\">C1143<\/td><td class=\"has-text-align-left\" data-align=\"left\">LDF5 \u2013 Laborat\u00f3rio Did\u00e1tico de F\u00edsica<\/td><\/tr><tr><td class=\"has-text-align-center\" data-align=\"center\">C1141<\/td><td class=\"has-text-align-left\" data-align=\"left\">LDF6 -Laborat\u00f3rio Did\u00e1tico de F\u00edsica<\/td><\/tr><tr><td class=\"has-text-align-center\" data-align=\"center\">E4113<\/td><td class=\"has-text-align-left\" data-align=\"left\"><a href=\"https:\/\/labs-ifq.unifei.edu.br\/?p=1048\" data-type=\"post\" data-id=\"1048\">Central Anal\u00edtica<\/a><\/td><\/tr><tr><td class=\"has-text-align-center\" data-align=\"center\">E4103<\/td><td class=\"has-text-align-left\" data-align=\"left\">Laborat\u00f3rio de Preparo de Amostras<\/td><\/tr><tr><td class=\"has-text-align-center\" data-align=\"center\">C2223<\/td><td class=\"has-text-align-left\" data-align=\"left\">Laborat\u00f3rio Did\u00e1tico de Ensino de F\u00edsica<\/td><\/tr><tr><td class=\"has-text-align-center\" data-align=\"center\">C2128<\/td><td class=\"has-text-align-left\" data-align=\"left\">Laborat\u00f3rio Curie de S\u00edntese (Antigo Lab apoio did\u00e1tico de Quimica)<\/td><\/tr><\/tbody><\/table><\/figure>\n","protected":false},"excerpt":{"rendered":"<p>Lista de laborat\u00f3rios utilizados para ensino. Identifica\u00e7\u00e3o Laborat\u00f3rio C3101 Espa\u00e7o InterCi\u00eancias C2125 Laborat\u00f3rio de Instrumenta\u00e7\u00e3o para o Ensino de F\u00edsica C2208 Laborat\u00f3rio de F\u00edsica Computacional LFC C2127 Laborat\u00f3rio Did\u00e1tico Computacional C2111 Laborat\u00f3rio de Reologia \u201cDr. Hans Martin Laun\u201d J2102 Laborat\u00f3rio de An\u00e1lise T\u00e9rmica J2101 Laborat\u00f3rio de Caracteriza\u00e7\u00e3o Eletro-\u00f3ptica E4101 Laborat\u00f3rio de Qu\u00edmica Geral LQG E4105 &hellip; <\/p>\n<p class=\"link-more\"><a href=\"http:\/\/labs-ifq.unifei.edu.br\/?page_id=1376\" class=\"more-link\">Continue lendo<span class=\"screen-reader-text\"> &#8220;Ensino&#8221;<\/span><\/a><\/p>\n","protected":false},"author":1,"featured_media":0,"parent":0,"menu_order":0,"comment_status":"closed","ping_status":"closed","template":"","meta":{"footnotes":""},"class_list":["post-1376","page","type-page","status-publish","hentry"],"_links":{"self":[{"href":"http:\/\/labs-ifq.unifei.edu.br\/index.php?rest_route=\/wp\/v2\/pages\/1376"}],"collection":[{"href":"http:\/\/labs-ifq.unifei.edu.br\/index.php?rest_route=\/wp\/v2\/pages"}],"about":[{"href":"http:\/\/labs-ifq.unifei.edu.br\/index.php?rest_route=\/wp\/v2\/types\/page"}],"author":[{"embeddable":true,"href":"http:\/\/labs-ifq.unifei.edu.br\/index.php?rest_route=\/wp\/v2\/users\/1"}],"replies":[{"embeddable":true,"href":"http:\/\/labs-ifq.unifei.edu.br\/index.php?rest_route=%2Fwp%2Fv2%2Fcomments&post=1376"}],"version-history":[{"count":10,"href":"http:\/\/labs-ifq.unifei.edu.br\/index.php?rest_route=\/wp\/v2\/pages\/1376\/revisions"}],"predecessor-version":[{"id":1708,"href":"http:\/\/labs-ifq.unifei.edu.br\/index.php?rest_route=\/wp\/v2\/pages\/1376\/revisions\/1708"}],"wp:attachment":[{"href":"http:\/\/labs-ifq.unifei.edu.br\/index.php?rest_route=%2Fwp%2Fv2%2Fmedia&parent=1376"}],"curies":[{"name":"wp","href":"https:\/\/api.w.org\/{rel}","templated":true}]}}